e the prime factors of 17125916?
2, 19, 225341
List the prime factors of 381150.
2, 3, 5, 7, 11
List the prime factors of 24346329.
3, 7, 17, 47, 1451
List the prime factors of 710846.
2, 139, 2557
List the prime factors of 185068.
2, 13, 3559
List the prime factors of 343572.
2, 3, 28631
What are the prime factors of 14322239?
14322239
List the prime factors of 1090064.
2, 193, 353
List the prime factors of 92565.
3, 5, 11, 17
List the prime factors of 287382.
2, 3, 211, 227
What are the prime factors of 153270?
2, 3, 5, 13, 131
What are the prime factors of 5589438?
2, 3, 931573
List the prime factors of 6511685.
5, 89, 14633
What are the prime factors of 2378683?
23, 103421
List the prime factors of 2310828.
2, 3, 13, 14813
What are the prime factors of 3404328?
2, 3, 83, 1709
What are the prime factors of 90192?
2, 3, 1879
What are the prime factors of 375655?
5, 7, 10733
What are the prime factors of 1012969?
107, 9467
List the prime factors of 39775.
5, 37, 43
List the prime factors of 6587568.
2, 3, 13, 17, 23
What are the prime factors of 15014607?
3, 23, 9461
What are the prime factors of 340397?
340397
List the prime factors of 50299.
179, 281
What are the prime factors of 17902085?
5, 19, 188443
List the prime factors of 1221713.
59, 20707
What are the prime factors of 434520?
2, 3, 5, 17, 71
List the prime factors of 1125328.
2, 61, 1153
List the prime factors of 4032959.
7, 19, 30323
What are the prime factors of 378075?
3, 5, 71
List the prime factors of 2518907.
17, 148171
What are the prime factors of 14098789?
607, 23227
List the prime factors of 14475685.
5, 7, 67, 6173
What are the prime factors of 2176809?
3, 725603
List the prime factors of 67019.
29, 2311
What are the prime factors of 5815022?
2, 29, 107, 937
What are the prime factors of 1062806?
2, 17, 31259
List the prime factors of 3894774.
2, 3, 13, 23, 167
What are the prime factors of 5159937?
3, 227, 7577
List the prime factors of 5825988.
2, 3, 7, 61, 379
List the prime factors of 100783.
97, 1039
What are the prime factors of 11951917?
83, 143999
What are the prime factors of 15572745?
3, 5, 37, 47, 199
List the prime factors of 15088765.
5, 3017753
List the prime factors of 7725571.
7, 19, 29, 2003
List the prime factors of 2037790.
2, 5, 17, 11987
List the prime factors of 7139580.
2, 3, 5, 7, 89, 191
List the prime factors of 83516.
2, 20879
List the prime factors of 792861.
3, 127, 2081
List the prime factors of 1035404.
2, 313, 827
What are the prime factors of 4318767?
3, 29, 16547
List the prime factors of 1454188.
2, 41, 8867
List the prime factors of 2172809.
829, 2621
What are the prime factors of 1170642?
2, 3, 11, 17737
List the prime factors of 112340.
2, 5, 41, 137
What are the prime factors of 416440?
2, 5, 29, 359
List the prime factors of 2436040.
2, 5, 60901
List the prime factors of 1401740.
2, 5, 109, 643
What are the prime factors of 7645703?
13, 588131
List the prime factors of 319890.
2, 3, 5, 10663
List the prime factors of 1691452.
2, 7, 193, 313
List the prime factors of 4734951.
3, 13, 167, 727
What are the prime factors of 4018619?
11, 53, 61, 113
What are the prime factors of 324249?
3, 29, 3727
List the prime factors of 4380244.
2, 11, 99551
List the prime factors of 956599.
7, 136657
List the prime factors of 108644.
2, 157, 173
List the prime factors of 1197871.
17, 31, 2273
What are the prime factors of 1035584?
2, 11, 1471
List the prime factors of 2135887.
13, 164299
What are the prime factors of 740966?
2, 370483
List the prime factors of 2701798.
2, 11, 127, 967
What are the prime factors of 168878?
2, 17, 4967
List the prime factors of 1598294.
2, 799147
List the prime factors of 19557287.
41, 229, 2083
List the prime factors of 4256388.
2, 3, 29, 151
List the prime factors of 835493.
271, 3083
List the prime factors of 242317.
167, 1451
List the prime factors of 100704.
2, 3, 1049
List the prime factors of 690056.
2, 86257
What are the prime factors of 2133189?
3, 41, 47
What are the prime factors of 5539697?
19, 291563
What are the prime factors of 1136971?
11, 41, 2521
List the prime factors of 58423.
37, 1579
What are the prime factors of 42940?
2, 5, 19, 113
List the prime factors of 853834.
2, 426917
List the prime factors of 460531.
460531
List the prime factors of 12902909.
197, 65497
What are the prime factors of 5315169?
3, 17, 89, 1171
What are the prime factors of 11611770?
2, 3, 5, 53, 67, 109
What are the prime factors of 345550?
2, 5, 6911
What are the prime factors of 25344?
2, 3, 11
List the prime factors of 366495.
3, 5, 53, 461
What are the prime factors of 96192?
2, 3, 167
List the prime factors of 1135604.
2, 37, 7673
What are the prime factors of 419337?
3, 31, 167
What are the prime factors of 55980?
2, 3, 5, 311
List the prime factors of 1471642.
2, 735821
What are the prime factors of 287295?
3, 5, 107, 179
What are the prime factors of 39357?
3, 4373
List the prime factors of 1733808.
2, 3, 41, 881
What are the prime factors of 163139?
23, 41, 173
What are the prime factors of 177045?
3, 5, 11, 29, 37
What are the prime factors of 24768684?
2, 3, 61, 11279
List the prime factors of 5972642.
2, 13, 229717
What are the prime factors of 2773069?
13, 19, 103, 109
What are the prime factors of 1666522?
2, 11, 13, 5827
List the prime factors of 266802.
2, 3, 53, 839
List the prime factors of 290113.
290113
What are the prime factors of 620066?
2, 389, 797
What are the prime factors of 1317144?
2, 3, 54881
List the prime factors of 80769.
3, 13, 19, 109
List the prime factors of 3410597.
3410597
What are the prime factors of 1385175?
3, 5, 11, 23, 73
List the prime factors of 395177.
139, 2843
List the prime factors of 22640.
2, 5, 283
What are the prime factors of 366017?
31, 11807
List the prime factors of 1677795.
3, 5, 7, 19, 29
List the prime factors of 778491.
3, 7, 1373
What are the prime factors of 8835176?
2, 7, 157771
List the prime factors of 9623838.
2, 3, 7, 229139
List the prime factors of 981526.
2, 7, 13, 5393
What are the prime factors of 25976848?
2, 1623553
What are the prime factors of 5461946?
2, 7, 43, 211
What are the prime factors of 588486?
2, 3, 98081
List the prime factors of 2564193.
3, 53, 16127
List the prime factors of 74315.
5, 89, 167
What are the prime factors of 214861?
29, 31, 239
List the prime factors of 386640.
2, 3, 5, 179
List the prime factors of 1012342.
2, 506171
What are the prime factors of 2257277?
11, 17, 12071
List the prime factors of 118449.
3, 41, 107
What are the prime factors of 991531?
991531
List the prime factors of 3515828.
2, 878957
What are the prime factors of 2812019?
7, 19, 21143
What are the prime factors of 32417199?
3, 1200637
List the prime factors of 311275.
5, 12451
List the prime factors of 9940329.
3, 7, 83, 1901
What are the prime factors of 2083426?
2, 19, 109, 503
List the prime factors of 1665137.
1665137
What are the prime factors of 23300069?
13, 1792313
List the prime factors of 529226.
2, 19, 733
List the prime factors of 5918327.
127, 46601
What are the prime factors of 34768852?
2, 149, 58337
List the prime factors of 3087472.
2, 17, 11351
What are the prime factors of 9535865?
5, 109, 17497
What are the prime factors of 987843?
3, 329281
What are the prime factors of 7996138?
2, 3998069
What are the prime factors of 131137?
71, 1847
What are the prime factors of 61692?
2, 3, 53, 97
List the prime factors of 2605532.
2, 23, 127, 223
List the prime factors of 163524.
2, 3, 13627
List the prime factors of 9226817.
9226817
What are the prime factors of 2597548?
2, 37, 17551
List the prime factors of 638397.
3, 89, 797
List the prime factors of 140355.
3, 5, 3119
What are the prime factors of 64080?
2, 3, 5, 89
List the prime factors of 1300922.
2, 7, 43, 2161
What are the prime factors of 4333506?
2, 3, 101, 7151
List the prime factors of 1608287.
131, 12277
List the prime factors of 37742.
2, 113, 167
What are the prime factors of 1243111?
1243111
List the prime factors of 1178858.
2, 683, 863
List the prime factors of 2501864.
2, 277, 1129
What are the prime factors of 553492?
2, 138373
List the prime factors of 416506.
2, 208253
List the prime factors of 1158935.
5, 31, 7477
What are the prime factors of 7674718?
2, 17, 5